e greatest common divisor of c and a?
7
Let n be (-22160)/(-277) - 352/8. Suppose 5*i - 5*b - 30 = 0, -i + b + 3*b + 12 = 0. Calculate the greatest common divisor of n and i.
4
Let j = -484 + 1793. Calculate the greatest common divisor of 357 and j.
119
Let g(a) = 86*a + 4. Let w be g(1). Suppose -95*z + 50 = -w*z. Calculate the greatest common factor of z and 10.
10
Let p be (-2320 + 10)/21*-1. Calculate the greatest common factor of p and 4070.
110
Suppose -3*v - 11 = -p, -3*p - 3*v = p - 59. Let n(y) = -y**2 + 32*y - 219. Let q be n(p). What is the greatest common factor of 88 and q?
11
Let c(d) = d**2 + 19*d - 47. Let p be c(-20). Let k be 6/p - 137/(-9). Calculate the highest common divisor of 15 and k.
15
Let i be -6 - 2 - -1 - -60. Suppose -7182 = -i*x + 11*x. What is the highest common divisor of 19 and x?
19
Let k = -5771 + 6595. Calculate the greatest common divisor of 24 and k.
8
Let z(w) = 38*w + 192. Let g be z(4). Calculate the highest common factor of g and 36.
4
Let u = -15 + 21. Let w(h) = -h**3 - 6*h**2 + 4*h - 12. Let a be w(-5). Let y = a + 81. What is the greatest common divisor of y and u?
6
Suppose -284*n + 8721 + 631 = 1968. What is the greatest common factor of n and 17498?
26
Let v be 10/(-4)*2116/(-115). Calculate the greatest common divisor of v and 69.
23
Let y(v) = 7*v - 37. Let r(c) = c**2 - 29*c + 149. Let g(n) = 2*r(n) + 9*y(n). Let i be g(-7). Calculate the greatest common divisor of 4 and i.
4
Let z = -43474 - -43584. Suppose 5*d - 27 + 12 = 0. Let q be 33/(2*d/8). What is the greatest common factor of q and z?
22
Suppose -5*n - 5*w + 81 = -54, 0 = 3*n - w - 85. Let q be 24 - n - 100/2*-2. Calculate the highest common factor of q and 12.
12
Suppose a + 4 = -5*i, -3*a + 4 = -i - 0*i. Let u(z) = -z**3 + 5*z**2 - 5. Let h be u(3). Suppose 58 = 9*d + h. What is the highest common factor of d and a?
1
Suppose -4*c + 18044 = -4*i - 49916, 3*c + 3*i - 51012 = 0. Calculate the greatest common factor of 69 and c.
23
Let n = 2726 + -1398. Suppose -m = 4*u - 352, 0 = -5*m + m + 4*u + n. Let h = 539 - m. Calculate the greatest common divisor of h and 29.
29
Let g(q) = 13*q**2 - 27*q - 6. Let c(v) = 7*v**2 - 13*v - 3. Let b(s) = 5*c(s) - 2*g(s). Let m be b(2). What is the highest common factor of m and 44?
11
Let b be ((-314)/2)/((3 + 2)/(-5)). Suppose -2*c + b = -3*v + 31, -4*v = -4*c + 256. What is the highest common factor of 6 and c?
6
Let a be (969/228)/(1/(-180)*-3). What is the highest common factor of a and 570?
15
Let l = 4 + -33. Let g = -14 - l. Let w = 2711 - 2705. What is the greatest common divisor of w and g?
3
Suppose 142 + 33 = 5*h. Let u = 671443 + -671423. What is the greatest common divisor of h and u?
5
Let h be 16/4 + -9 + 4204. Suppose 0 = 16*s - 29*s + h. What is the highest common factor of 34 and s?
17
Let h be (-104)/(-3)*((-154)/56 - -5). Let x(m) = -m**2 - 15*m - 11. Let z be x(-10). Calculate the highest common divisor of h and z.
39
Let g = 525 + -350. Let v = 195059 - 195024. Calculate the greatest common divisor of g and v.
35
Suppose 2*m - 104 = 5*z + 21, -4*z - 67 = -m. Let d = -41439 - -41444. Calculate the greatest common divisor of d and m.
5
Let n = -113 - -31. Let b = 55 + n. Let t be (-31)/(((-3)/b)/(-1)). Calculate the greatest common divisor of 31 and t.
31
Suppose -6 = -3*k + 3*q, -269*k + 270*k = 3*q - 2. Suppose 4*u - 66 - 258 = -4*v, 2*u = v + 165. Calculate the greatest common divisor of u and k.
2
Suppose -4*h + 181 = -f + 78, 5*h + f = 122. What is the highest common factor of h and 3275?
25
Let c(y) = -6*y - 245. Let i be c(-42). Let l(s) = -s**3 + 5*s**2 + 2*s - 3. Suppose 0 - 6 = 2*v. Let p be l(v). What is the greatest common divisor of p and i?
7
Let w be 560/98 - 2/(-7). Let o be 3/18 - 232/(-48). Suppose 20 - 260 = -o*c. Calculate the highest common divisor of c and w.
6
Suppose -z + 2*z = 5*j - 5525, 4*j - 4399 = 5*z. Suppose 82 - j = -16*g. What is the greatest common divisor of 24 and g?
8
Let j(d) = d**3 - 39*d**2 + 2*d - 73. Let w be j(39). Suppose z = -w*h + 92, -3*h - 204 = -3*z - 0*h. Calculate the highest common factor of z and 120.
24
Let v(i) = -2*i**3 + 64*i**2 - 112*i - 228. Let t be v(30). What is the highest common factor of 76848 and t?
12
Let n(m) = -m**3 - 31*m - 6*m**2 + 23 - 10*m**2 - 8*m**2 + 7*m**2. Let w be n(-17). What is the highest common factor of w and 50?
50
Let j be ((-12)/8)/(11/4 + -3). Suppose -4*w + 945 - 57 = 0. What is the highest common divisor of w and j?
6
Suppose 34*q - 38*q + 874 = 3*u, 3*u - 214 = -q. Let a be 40 + -1 - (-2 - -1). Calculate the highest common factor of q and a.
20
Suppose -125*k - 220 = -135*k. Calculate the highest common divisor of k and 1342.
22
Let i(h) = 20*h**2 - 151*h + 1. Let w be i(8). Suppose 75*v = w*v + 30. Calculate the greatest common factor of 135 and v.
15
Suppose 1678 = 5*h + u, 2*u + 358 = 2*h - 330. Calculate the highest common factor of 13817 and h.
337
Suppose 846 + 274 = 32*m. What is the greatest common divisor of m and 85?
5
Let v be (-12240)/(-60) + 11 + 1. What is the greatest common factor of v and 81?
27
Let d be (-14)/(-21)*(-210)/(-4). Suppose 0 = t - 0*t - d. Let w = 467 - 432. What is the greatest common divisor of t and w?
35
Let w = 2201 - 2155. Calculate the highest common factor of 14 and w.
2
Let c(z) = -4266*z**3 - 6*z**2 - 19*z - 15. Let f be c(-1). Calculate the greatest common factor of f and 8.
8
Let l = -54 - -54. Suppose -2*x - s + 86 = -l*s, 36 = x + 4*s. Suppose -5*o = -6 - 14. What is the highest common divisor of o and x?
4
Let r be (-1)/10*-168*45. Suppose -22*i = -24*i + r. What is the highest common factor of 14 and i?
14
Suppose k - 16 = -4*l, -k = 3*l - 27 + 8. Suppose 3*q - 334 = 17. Suppose -t = h - q, -h = -2*h - 2*t + 122. What is the greatest common divisor of k and h?
28
Let l(j) = -5*j - 6*j**2 + 2*j**2 - j**3 - j**2 - 1. Let x be l(-3). Let i be 1/((6/38)/((-12)/x)). Calculate the greatest common factor of i and 209.
19
Let n(s) be the first derivative of -17*s**2 - 16*s - 61. Let a be n(-2). Calculate the greatest common divisor of 4 and a.
4
Let d be (-9 + 3 - 3)*(-1)/(-3). Let l(i) = -i**3 + 2*i**2 - 2*i - 6. Let f be l(d). What is the greatest common factor of 55 and f?
5
Let l be (-228)/(-9) - (-4)/(-12). Let n be (1/(-2) + 0)/(l/(-2750)). Calculate the greatest common factor of 11 and n.
11
Let p(c) = -16*c + 12. Suppose 2*r = 9*r - 0*r. Let z be p(r). Let d = 4 - 1. Calculate the highest common divisor of d and z.
3
Suppose 0 = 266*m - 30200 - 29916. Calculate the highest common divisor of 678 and m.
226
Let z(p) = p + 28. Let y be z(0). Suppose 221*x + 326*x - 113484 = -32*x. What is the greatest common divisor of y and x?
28
Let y(s) = -6*s**2 - 15*s + 67. Let n be y(19). Let v be n/(-144) - 8/(-18). Let i be (4 - 1)/(3/68). What is the greatest common factor of i and v?
17
Let v = 195 - 549. Let x = v + 357. What is the highest common divisor of 9 and x?
3
Suppose 6*d - 24*d = -4050. Let x be (405/d)/((-6)/(-20) - 0). Calculate the highest common divisor of 48 and x.
6
Let p = 61 - 52. Let o(b) = -b**3 + 3*b**2 - 8 - p*b**2 - 5*b**2 + 2*b**2 + 8*b. Let t be o(-10). Calculate the greatest common divisor of 60 and t.
12
Let i(b) = 98*b**2 - 17*b + 18. Let w be i(1). What is the highest common factor of 451 and w?
11
Suppose 5*u + 20 = 0, 36*u - 1214 = -s + 37*u. Calculate the greatest common divisor of s and 40.
10
Let o = -348 - -370. Let l = -5 + 8. Suppose 55 = -l*s + 8*s. Calculate the greatest common factor of s and o.
11
Suppose 5*d + 5*c - 25 = -0, -4*d - c + 11 = 0. Let l be ((-58)/(-10))/(d/10). Suppose 2*m = 59 + l. What is the highest common factor of 22 and m?
22
Let p(z) = -2*z**3 - 39*z**2 + 3*z - 2. Let m be p(-20). Let l = m - 302. What is the greatest common factor of 72 and l?
36
Let u = -282 - -282. Suppose -11*c + 13*c - 612 = u. Calculate the greatest common divisor of 17 and c.
17
Let z(c) = 54*c + 1153. Let y be z(-21). What is the greatest common factor of 6042 and y?
19
Let y be 1659 - ((-2)/4)/((-10)/(-120)). Let z be (10 + 0)*y/75. What is the highest common divisor of 6 and z?
6
Let w be (4/(-2))/(2 + 1696/(-844)). Let k = -201 + w. What is the greatest common factor of k and 6?
2
Suppose 0 = 202*p - 594156 